 of (-9)/(-6) + y*5/10?
5
What is the tens digit of 26/806 - (-675270)/93?
6
Let r = -63 + 58. What is the units digit of r*(1 - (-468)/(-5) - 0)?
3
Let q = -56385 - -80292. What is the thousands digit of q?
3
Suppose -302985 = 100069*n - 100084*n. What is the ten thousands digit of n?
2
Suppose 0 = 230*o - 1019181 - 2256018 - 4172661. What is the units digit of o?
2
Let x(c) = -4*c**3 + 18*c - 51*c + 3*c**3 - 59*c - 22 + 30*c**2. What is the hundreds digit of x(23)?
5
Let n(h) = 23*h + 412. Let g be n(-20). Let z(k) = k**2 + 9*k + 138. What is the units digit of z(g)?
0
Let v(r) = -110*r**3 + r + 1. Suppose 0 = 10*z - 9*z + 1. Let x be v(z). Suppose 2*p = 8, 0*t - x = -2*t - p. What is the tens digit of t?
5
Let f(x) = x**2 - 19*x + 237. Let l(s) = 5*s**2 - 8*s - 5. Let m be l(3). What is the units digit of f(m)?
9
Let s be 350*(2 - 138/(-21)). Suppose -23*m + s = -13*m. What is the hundreds digit of m?
3
Suppose 1472 = -28*h + 74*h. Let n be (1 + 3)*81/(-6). Let j = h - n. What is the units digit of j?
6
Suppose a - 15 = -3. Suppose 7*x = a*x - 125. Suppose -2*o + x + 97 = 0. What is the tens digit of o?
6
Let q = -8348 + 19432. What is the tens digit of (-1)/(-9) - q/(-36)?
0
Let k be 5*((-26)/(-10) + -2). Suppose -165 = -k*i - 2*i. Suppose 0 = -2*t - 2*t - s + 27, t = 5*s + i. What is the units digit of t?
8
Suppose -62*u + 64*u - 4 = 0. Let h(k) = k - 9. Let n be h(9). Suppose n*c + 4*c + 4*w - 228 = 0, u*w = -10. What is the tens digit of c?
6
What is the units digit of (-15)/(-18) + ((-55838)/60)/((-10)/50)?
4
Suppose 11*i - 1818 = 5618. Let d = 1303 - i. What is the tens digit of d?
2
Suppose -5*y - f + 3082 = -0*y, 9 = -3*f. Let p = y - 47. What is the units digit of p?
0
Let p(z) = z**3 + 15*z**2 + 6*z - 10. Suppose -2*c - 12*c = -154. Let w(r) = r**2 - 13*r + 8. Let a be w(c). What is the units digit of p(a)?
2
What is the units digit of 20/(-18) + 1880312/126?
2
Let v be (-3504)/(-56) - (-18)/42. What is the units digit of 40/40 + -1 + v - 1?
2
Suppose -41 = 5*o - 61. Suppose 2*f - 5*z = -360, 12 = 4*z - o. Let m = 245 + f. What is the units digit of m?
5
Let w(g) = g**2 - 10*g - 6. Let a be w(11). Suppose 12 = 4*v + 4*n, -v - 1 = -0*v + a*n. What is the units digit of v?
4
Suppose -15*x + 62 - 17 = 0. Suppose 5*c - 3*t = 2027, 3*t + t = x*c - 1225. What is the units digit of c?
3
Let t be (3 - 6)/(12/76). Let l(r) = -r**3 - 16*r**2 + 51*r + 18. What is the tens digit of l(t)?
3
Let d be 7 - (-174 + -4 - 5). Let k = -130 + d. What is the units digit of k?
0
Let f(o) = -2*o**2 - 34*o - 48 + 3*o**2 + 7*o**2 - 6*o**2. What is the tens digit of f(22)?
7
Let p(i) = 9*i - 26. Suppose -90 = -7*n - 363. Let r = n + 50. What is the tens digit of p(r)?
7
Let n(y) = -2*y**3 - 18*y**2 - 23*y - 10. Suppose -42 = 4*d - 3*b, -6*d - 24 = -4*d - 3*b. Let c be n(d). Suppose -78 = -5*l + c. What is the tens digit of l?
5
Let z(t) be the second derivative of -t**5/20 + 19*t**4/12 - 5*t**3/6 + 5*t**2/2 - 14*t. What is the tens digit of z(7)?
5
Let p(o) = 5077*o**3 - 5*o**2 + 10*o - 12. What is the tens digit of p(2)?
0
Let w be 6/9*(-18 - 0). Let k(s) = -s**3 - 11*s**2 - 20*s + 11. What is the hundreds digit of k(w)?
3
Let k(b) = b - 28. Let x be k(20). Let c be (6/8)/((-1)/x). Suppose 456 = c*r + 2*r. What is the units digit of r?
7
Suppose 2*m = y - 166, 0 = 3*y - 5*m - 487 - 16. Let d be (y/66)/(4/6). Suppose -3*j = -4*j - 4*f + 6, 2*f = d*j - 6. What is the units digit of j?
2
Let o(x) = -x**3 - 21*x**2 + 322*x - 59. What is the tens digit of o(-35)?
2
Suppose -5052*j - 15432 = -5056*j. What is the units digit of j?
8
Let q(z) = 20*z**3 + 46*z**2 + 28*z + 30. What is the thousands digit of q(9)?
8
Suppose 23*d - 65*d + 949446 = -24*d. What is the ten thousands digit of d?
5
Suppose -170*h - 140*h = -282*h - 109340. What is the hundreds digit of h?
9
Suppose 24844 = 2*f - 14*y + 19*y, -12421 = -f - 2*y. What is the ten thousands digit of f?
1
Let l(m) = -m - 46. Let x be l(-31). What is the tens digit of 55/(-2)*138/x?
5
Let j(p) = 106*p + 58. Suppose 4*o = 2*t - 22, -4*t - 3*o + 34 = 12. What is the hundreds digit of j(t)?
8
Let c(p) = 13*p - 18. Let k be c(-6). Let z(i) = 35*i**2 + i + 5. Let n be z(3). Let s = n + k. What is the units digit of s?
7
What is the tens digit of -5271*80/(-192)*8?
7
Suppose 39*k = 41*k + 10. Let x(q) = -16*q - 12. Let r be x(k). What is the tens digit of r + (-1)/(4 - 5)?
6
Let w be (0 + 2)*(-22)/(-11). Suppose -w*u + 96 = -8*u. Let m = u + 39. What is the units digit of m?
5
Suppose -s + 2*x = -219, 0 = 2*s - 6*s + x + 876. Let n = s - -81. What is the tens digit of n?
0
Let v = -324 + 326. What is the units digit of (6 - (-5034)/36) + v/12?
6
Suppose -6 = -2*p + p. Suppose -4*g + p = 2. What is the hundreds digit of (-2)/(-6)*g*327?
1
Suppose 0 = -70*c + 531561 + 786889. What is the units digit of c?
5
Suppose 5*i = -y + 179211, -3*i - 5*y = -53307 - 54224. What is the thousands digit of i?
5
Let y be -1 + 2 + -850 - (-2 - -3). Let b = -611 - y. What is the tens digit of b?
3
Let o(c) = 202*c**2 - 49*c + 74. Let s(x) = -67*x**2 + 17*x - 25. Let y(a) = -2*o(a) - 7*s(a). What is the tens digit of y(5)?
4
Suppose 25*h - 28*h + 6 = 0. Suppose -4*c + 4*b + 12 = -1844, 4*c - h*b - 1846 = 0. What is the tens digit of c?
5
Suppose 24358 = 35*g - 34*g + z, 0 = 2*z + 4. What is the hundreds digit of g?
3
Let h = 2379 + -622. Suppose 1784 = 5*f + 5*a + 39, h = 5*f - a. What is the units digit of f?
1
Let f(a) = 11*a + 2. Let c be f(-3). Let n = -27 - c. Let b(l) = 16*l + 7. What is the tens digit of b(n)?
7
Suppose 4*r - 6*u = -4*u + 206, -2*r + 97 = u. Suppose -3*i + 5*p = 105, -2*i - 2*p = -i + 46. Let j = i + r. What is the units digit of j?
0
Suppose -14*r + 1576 = -146670. What is the units digit of r?
9
Let g(k) = -k**3 + 3*k**2 + 2*k - 9. Let x = -47 + 46. Let y(s) = s**2 - 1. Let h(r) = x*y(r) - g(r). What is the units digit of h(5)?
5
Let p(l) = 164*l + 114. Let t = 599 - 592. What is the hundreds digit of p(t)?
2
Let c = 46841 + -29124. What is the ten thousands digit of c?
1
Suppose 286*o + 114653 = 399670 + 107375. What is the tens digit of o?
7
Let k(p) = p + 14. Let b be k(-10). Suppose 0*y + 4*z = 5*y + 497, -y - 91 = 2*z. What is the units digit of 1*y*(-4)/b?
7
Let q = 92 + 149. Suppose -237*c = -q*c + 484. What is the tens digit of c?
2
Suppose 0 = 2376*x - 2372*x - 33292. What is the thousands digit of x?
8
Let y = 215 - 191. What is the units digit of (4/(-2))/((y/(-146))/6)?
3
Let f = -317 + 412. Let z = f - -479. What is the hundreds digit of z?
5
Suppose 22 = 4*u - 2*u. Suppose w - 996 = -u*w. Let g = w + 151. What is the tens digit of g?
3
Let g(u) = -60*u - 65. Let z be g(6). Let a = 751 + z. What is the units digit of a?
6
Let d be 407 + (2/3)/(8/(-12)). Suppose -375 = -3*m - 2*z, -d = -4*m - 2*z + 94. What is the hundreds digit of m?
1
Suppose -21*y = -41*y + 320. What is the hundreds digit of (6/(-5))/(y/(-4720))?
3
Let r = -150 + 168. What is the tens digit of (-2)/(r/(-807)) - (-42)/(-63)?
8
Suppose 4*m + 12 = q, 2*m - 4*m - 6 = 0. Suppose 6*p + q*p - 2616 = 0. What is the tens digit of p?
3
Let s = 4656 + 6550. What is the units digit of s?
6
Let y(u) = -38*u**2 - 1491*u - 47. What is the tens digit of y(-34)?
1
Suppose -4*y = 3*i - 12, i = -y + 2 - 0. Suppose 0 = 4*s + 2 + y, 2*s = -2*b + 1158. Suppose 18*a - b = 11*a. What is the tens digit of a?
8
Let x(g) = 63*g + 1213. What is the hundreds digit of x(6)?
5
Suppose 4*a - 12102 = -5*y, 19*a + 6078 = 21*a - 2*y. What is the tens digit of a?
3
Suppose -4*b + 3 = 7. Let x be 6618/(-24) - b/(-4). What is the tens digit of x/(-12) - 3*1/1?
2
Let y = 11304 - 5248. Suppose y = 41*n - 37*n. What is the tens digit of n?
1
Suppose 78743 = 22*d + 29793. What is the hundreds digit of d?
2
What is the thousands digit of 4/3 - 15862900/(-636)?
4
Let b be 39/(-9) + (-20)/30. What is the tens digit of (-3)/15*b + 226 + -3?
2
Suppose -6*b = 5*g - 9*b - 16288, 0 = 6*b + 36. What is the thousands digit of g?
3
What is the hundreds digit of (-99 - 24632)*(-2)/7?
0
Suppose 0 = 3*f + 2*z - 43564, 5*z + 13577 = 11*f - 146133. What is the tens digit of f?
2
Let r = -493 - -497. Suppose -46*f = d - 51*f - 353, r*d - 1387 = -5*f. What is the tens digit of d?
4
Sup